{"id":13,"date":"2019-09-25T13:43:02","date_gmt":"2019-09-25T11:43:02","guid":{"rendered":"https:\/\/testroma.renovabis.sk\/?page_id=13"},"modified":"2019-09-30T17:19:25","modified_gmt":"2019-09-30T15:19:25","slug":"vitajte-na-stranke","status":"publish","type":"page","link":"https:\/\/roma.renovabis.sk\/","title":{"rendered":"Vitajte na str\u00e1nke&#8230;"},"content":{"rendered":"<p style=\"text-align: center;\">Vitajte na str\u00e1nke PROGRAMU FINANCOVANIA R\u00d3MSKYCH PASTORA\u010cN\u00ddCH DIEL NA&nbsp;SLOVENSKU<\/p>\n","protected":false},"excerpt":{"rendered":"<p>Vitajte na str\u00e1nke PROGRAMU FINANCOVANIA R\u00d3MSKYCH PASTORA\u010cN\u00ddCH DIEL NA&nbsp;SLOVENSKU<\/p>\n","protected":false},"author":1,"featured_media":0,"parent":0,"menu_order":0,"comment_status":"closed","ping_status":"closed","template":"fullwidth.php","meta":{"footnotes":""},"class_list":["post-13","page","type-page","status-publish","hentry"],"_links":{"self":[{"href":"https:\/\/roma.renovabis.sk\/index.php?rest_route=\/wp\/v2\/pages\/13"}],"collection":[{"href":"https:\/\/roma.renovabis.sk\/index.php?rest_route=\/wp\/v2\/pages"}],"about":[{"href":"https:\/\/roma.renovabis.sk\/index.php?rest_route=\/wp\/v2\/types\/page"}],"author":[{"embeddable":true,"href":"https:\/\/roma.renovabis.sk\/index.php?rest_route=\/wp\/v2\/users\/1"}],"replies":[{"embeddable":true,"href":"https:\/\/roma.renovabis.sk\/index.php?rest_route=%2Fwp%2Fv2%2Fcomments&post=13"}],"version-history":[{"count":6,"href":"https:\/\/roma.renovabis.sk\/index.php?rest_route=\/wp\/v2\/pages\/13\/revisions"}],"predecessor-version":[{"id":298,"href":"https:\/\/roma.renovabis.sk\/index.php?rest_route=\/wp\/v2\/pages\/13\/revisions\/298"}],"wp:attachment":[{"href":"https:\/\/roma.renovabis.sk\/index.php?rest_route=%2Fwp%2Fv2%2Fmedia&parent=13"}],"curies":[{"name":"wp","href":"https:\/\/api.w.org\/{rel}","templated":true}]}}